
-1000
In base 16, what is a1 + b?
ac
In base 12, what is -4 + -a32?
-a36
In base 15, what is -5 - 33?
-38
In base 15, what is -42c7 + -5?
-42cc
In base 15, what is -62 + 4?
-5d
In base 11, what is 175 + 24?
199
In base 4, what is -2 - -21?
13
In base 11, what is -26351 - -1?
-26350
In base 15, what is -10 + 5?
-a
In base 2, what is -1 - -1001110010?
1001110001
In base 13, what is -2 - -c?
a
In base 15, what is 2 + 12?
14
In base 11, what is -6 + 1a?
14
In base 2, what is 11 - 1000011000?
-1000010101
In base 4, what is 31 - -1112?
1203
In base 8, what is -5 + 312?
305
In base 6, what is 252 + 1?
253
In base 6, what is 1544 - -20?
2004
In base 2, what is 101 + -111?
-10
In base 2, what is 110 + -1001?
-11
In base 8, what is -17 - -2?
-15
In base 4, what is -1000 - 2?
-1002
In base 15, what is -1 - 3c?
-3d
In base 5, what is -4 - -314?
310
In base 2, what is 0 - -1001101?
1001101
In base 3, what is -21 + -1120112?
-1120210
In base 15, what is 2 - -72?
74
In base 11, what is -8a2 + 1?
-8a1
In base 4, what is 11 - 120302?
-120231
In base 12, what is -18 - -1?
-17
In base 7, what is -6 + 12?
3
In base 7, what is -22660 + 2?
-22655
In base 3, what is 1211 + -1101?
110
In base 4, what is 120 - -110?
230
In base 10, what is 3022 - 1?
3021
In base 4, what is -13230332 + -10?
-13231002
In base 8, what is 5 - 21?
-14
In base 12, what is 80 + -123?
-63
In base 15, what is -52 - b?
-5d
In base 8, what is -550 + -3?
-553
In base 13, what is 3 + 13b?
141
In base 11, what is -128 + -7?
-134
In base 4, what is 10 - -1020?
1030
In base 10, what is -576 + 1?
-575
In base 13, what is 3 + 13b?
141
In base 10, what is -106 + 3?
-103
In base 3, what is -111 + -2010?
-2121
In base 7, what is 1252 - -2?
1254
In base 6, what is -4 + -503?
-511
In base 2, what is 10 - 11100?
-11010
In base 5, what is 44 + 1?
100
In base 10, what is -2 + -124?
-126
In base 11, what is 2 - 79?
-77
In base 3, what is -22000 + 22?
-21201
In base 12, what is 43a + 6?
444
In base 9, what is 30 - 70?
-40
In base 4, what is -22132 + -11?
-22203
In base 9, what is 18 + -26?
-7
In base 7, what is 563 - -2?
565
In base 8, what is 253 + -3?
250
In base 8, what is -137 + -3?
-142
In base 13, what is -5 + -1c52?
-1c57
In base 15, what is -463 - 0?
-463
In base 4, what is -1320112 - -3?
-1320103
In base 4, what is 22123 - -3?
22132
In base 8, what is 1 - 104?
-103
In base 2, what is -100010 + 11?
-11111
In base 6, what is 3 - 11425?
-11422
In base 2, what is -11 + 1001?
110
In base 16, what is -3 - -142?
13f
In base 15, what is 0 + 11?
11
In base 6, what is -22001 - 1?
-22002
In base 15, what is 15 - -17c?
192
In base 16, what is 2 - 14?
-12
In base 9, what is 0 + 464?
464
In base 4, what is 121220 + -1?
121213
In base 8, what is -3 + 1714?
1711
In base 8, what is 45 - -2?
47
In base 10, what is 212 - 4?
208
In base 11, what is 1 - 220?
-21a
In base 7, what is -1630 + -3?
-1633
In base 7, what is -56 - 10?
-66
In base 3, what is -10 - -2001221?
2001211
In base 16, what is -213 + 5?
-20e
In base 11, what is -1 + 435?
434
In base 11, what is -21 + -4?
-25
In base 8, what is 54 + 6?
62
In base 5, what is 23 - -32?
110
In base 15, what is -163 - -3?
-160
In base 10, what is 5 - 252?
-247
In base 13, what is -4 + 1233?
122c
In base 15, what is -3 - -46c?
469
In base 4, what is -3 + -2100?
-2103
In base 6, what is -12323 + -5?
-12332
In base 10, what is 2 + 1451?
1453
In base 2, what is -1 - -10100101000?
10100100111
In base 10, what is -30 + 0?
-30
In base 13, what is 13 + -65?
-52
In base 15, what is 0 + -1ab?
-1ab
In base 14, what is 6 - -35?
3b
In base 15, what is 0 + a?
a
In base 8, what is -7 + 14?
5
In base 12, what is 1b2 - -5?
1b7
In base 3, what is -20 - 222?
-1012
In base 10, what is 99 + 5?
104
In base 8, what is 4 - -10?
14
In base 12, what is -31 + -59?
-8a
In base 10, what is 2 - -116?
118
In base 9, what is -112 + 1?
-111
In base 14, what is -7a6c + 3?
-7a69
In base 7, what is 14 - -30?
44
In base 2, what is -100010110 + 101?
-100010001
In base 3, what is -10012 + 10100?
11
In base 3, what is 2022 - 21?
2001
In base 15, what is 4 - 16d?
-169
In base 3, what is 1221 + 11102?
20100
In base 15, what is 449 + -1?
448
In base 14, what is 22 - -41?
63
In base 16, what is 3 + -990?
-98d
In base 14, what is -3 + 1b6?
1b3
In base 14, what is -7 + 763?
75a
In base 2, what is -1 - -11111011?
11111010
In base 6, what is -1 + -243?
-244
In base 5, what is -23013 + 4?
-23004
In base 3, what is -12222110 - 0?
-12222110
In base 14, what is -4 + -1?
-5
In base 4, what is 23 + 32?
121
In base 12, what is -3 + 515?
512
In base 16, what is ba + 19?
d3
In base 12, what is 206 + -10?
1b6
In base 8, what is -15 + -5?
-22
In base 4, what is 31 - -12230?
12321
In base 8, what is -4 + -136?
-142
In base 15, what is -c7a + -4?
-c7e
In base 7, what is -5 - 140?
-145
In base 11, what is 599 - 21?
578
In base 4, what is -10100 - -3?
-10031
In base 7, what is -1152 + 55?
-1064
In base 8, what is -6 + 227?
221
In base 12, what is 1 - 1153?
-1152
In base 5, what is -204 - -21?
-133
In base 12, what is -79 + 0?
-79
In base 8, what is -15 - -21?
4
In base 9, what is 3517 + 4?
3522
In base 8, what is -3 - 1251?
-1254
In base 3, what is 1 + 20211110?
20211111
In base 14, what is 3 - -19d6?
19d9
In base 14, what is -1034 + -4?
-1038
In base 2, what is 1011 - 1001101111?
-1001100100
In base 3, what is -11 - 10221?
-11002
In base 12, what is 3 + -350?
-349
In base 10, what is 281 + -7?
274
In base 6, what is 2 + 202?
204
In base 5, what is 32014 + 23?
32042
In base 5, what is 410 - 10?
400
In base 5, what is -10 - 32?
-42
In base 4, what is 310222 - 2?
310220
In base 9, what is -2111 + 1?
-2110
In base 5, what is 1 - 130?
-124
In base 2, what is 1111101 - 1110?
1101111
In base 12, what is -2820 - -5?
-2817
In base 4, what is -102113 + 11?
-102102
In base 7, what is -1316 + -1?
-1320
In base 6, what is -301 + -214?
-515
In base 4, what is 2221 + 21?
2302
In base 11, what is 17 + -16?
1
In base 6, what is 3 - -4?
11
In base 14, what is -7 - -2a?
23
In base 4, what is 30100 + -20?
30020
In base 4, what is 220 + 133?
1013
In base 9, what is 0 - 373?
-373
In base 3, what is 201 + 101?
1002
In base 15, what is -11 - 4c?
-5d
In base 5, what is -120302 + -10?
-120312
In base 11, what is 85 + -2?
83
In base 3, what is -11 + 21?
10
In base 16, what is -1896 + 2?
-1894
In base 3, what is 1100 + 11212?
20012
In base 7, what is 101 + -30?
41
In base 8, what is -1163 + 3?
-1160
In base 5, what is 3 + -203?
-200
In base 2, what is 1011111 - 10010010?
-110011
In base 14, what is 81 - 5?
7a
In base 10, what is 5 + 3076?
3081
In base 15, what is 40e - 0?
40e
In base 4, what is -1 + -112002?
-112003
In base 11, what is -1 - 387?
-388
In base 10, what is -114 - 0?
-114
In base 13, what is -5392 + 0?
-5392
In base 3, what is -12 + -10002011?
-10002100
In base 13, what is 6b + 5?
73
In base 2, what is 10001 - -11111?
110000
In base 8, what is 307 - -3?
312
In base 4, what is 10 + 101?
111
In base 2, what is -1011 - -1010?
-1
In base 4, what is 320 + 3?
323
In base 11, what is -514 - -1a?
-4a5
In base 15, what is -4 + 64?
60
In base 16, what is 1c2 - 0?
1c2
In base 3, what is 21 + -2220000?
-2212202
In base 15, what is -3 + -3a?
-3d
In base 2, what is 11 + -1?
10
In base 15, what is -143 - -5?
-13d
In base 14, what is 46 + 1b?
63
In base 2, what is 1101111110 - -101?
1110000011
In base 2, what is -101111 - -1?
-101110
In base 14, what is 288 + c?
296
In base 14, what is -1bc + 3?
-1b9
In base 14, what is -68 - 2?
-6a
In base 2, what is 101011101000 + 10?
101011101010
In base 5, what is -421 - -1?
-420
In base 6, what is 211 - 10?
201
In base 11, what is 330 - -3?
333
In base 12, what is 18b + 1?
190
In base 5, what is 23004 - -4?
23013
In base 3, what is -1222 - 2200?
-11122
In base 10, what is -9 - 12?
-21
In base 8, what is -62 + -20?
-102
In base 10, what is 689 - -4?
693
In base 3, what is 1020010 + 22?
1020102
In base 10, what is 1689 + -15?
1674
In base 10, what is 108 + -5?
103
In base 13, what is 3 - -101c?
1022
In base 16, what is b - -5?
10
In base 2, what is -1 + 101011101?
101011100
In base 3, what is 2 + 1120?
1122
In base 10, what is -1 + -18?
-19
In base 6, what is 34 - -3220?
3254
In base 10, what is -145 - -1?
-144
In base 13, what